{"id":816,"date":"2024-02-28T15:26:38","date_gmt":"2024-02-28T23:26:38","guid":{"rendered":"https:\/\/nuviglobal.com\/staging\/?page_id=816"},"modified":"2025-05-06T12:15:59","modified_gmt":"2025-05-06T19:15:59","slug":"contacto","status":"publish","type":"page","link":"\/mex\/contact-us\/","title":{"rendered":"contact us"},"content":{"rendered":"<div data-elementor-type=\"wp-page\" data-elementor-id=\"816\" class=\"elementor elementor-816\" data-elementor-settings=\"{&quot;ha_cmc_init_switcher&quot;:&quot;no&quot;}\" data-elementor-post-type=\"page\">\n\t\t\t\t<div class=\"elementor-element elementor-element-2d81f7e9 e-con-full e-flex wpr-particle-no wpr-jarallax-no wpr-parallax-no wpr-sticky-section-no e-con e-parent\" data-id=\"2d81f7e9\" data-element_type=\"container\" data-e-type=\"container\" data-settings=\"{&quot;background_background&quot;:&quot;classic&quot;,&quot;_ha_eqh_enable&quot;:false}\">\n\t\t<div class=\"elementor-element elementor-element-4d1b7374 e-flex e-con-boxed wpr-particle-no wpr-jarallax-no wpr-parallax-no wpr-sticky-section-no e-con e-child\" data-id=\"4d1b7374\" data-element_type=\"container\" data-e-type=\"container\" data-settings=\"{&quot;_ha_eqh_enable&quot;:false}\">\n\t\t\t\t\t<div class=\"e-con-inner\">\n\t\t\t\t<div class=\"elementor-element elementor-element-d9b7fd8 elementor-widget elementor-widget-heading\" data-id=\"d9b7fd8\" data-element_type=\"widget\" data-e-type=\"widget\" data-widget_type=\"heading.default\">\n\t\t\t\t<div class=\"elementor-widget-container\">\n\t\t\t\t\t<h2 class=\"elementor-heading-title elementor-size-default\">Cont\u00e1ctanos<\/h2>\t\t\t\t<\/div>\n\t\t\t\t<\/div>\n\t\t\t\t\t<\/div>\n\t\t\t\t<\/div>\n\t\t\t\t<\/div>\n\t\t<div class=\"elementor-element elementor-element-cc0b6ae e-flex e-con-boxed wpr-particle-no wpr-jarallax-no wpr-parallax-no wpr-sticky-section-no e-con e-parent\" data-id=\"cc0b6ae\" data-element_type=\"container\" data-e-type=\"container\" data-settings=\"{&quot;_ha_eqh_enable&quot;:false}\">\n\t\t\t\t\t<div class=\"e-con-inner\">\n\t\t<div class=\"elementor-element elementor-element-562bd8c e-con-full e-flex wpr-particle-no wpr-jarallax-no wpr-parallax-no wpr-sticky-section-no e-con e-child\" data-id=\"562bd8c\" data-element_type=\"container\" data-e-type=\"container\" data-settings=\"{&quot;_ha_eqh_enable&quot;:false}\">\n\t\t\t\t<div class=\"elementor-element elementor-element-831fd83 elementor-widget elementor-widget-heading\" data-id=\"831fd83\" data-element_type=\"widget\" data-e-type=\"widget\" data-widget_type=\"heading.default\">\n\t\t\t\t<div class=\"elementor-widget-container\">\n\t\t\t\t\t<h2 class=\"elementor-heading-title elementor-size-default\">OFICINAS DE NUVI GLOBAL<\/h2>\t\t\t\t<\/div>\n\t\t\t\t<\/div>\n\t\t\t\t<div class=\"elementor-element elementor-element-e610266 elementor-widget elementor-widget-text-editor\" data-id=\"e610266\" data-element_type=\"widget\" data-e-type=\"widget\" data-widget_type=\"text-editor.default\">\n\t\t\t\t<div class=\"elementor-widget-container\">\n\t\t\t\t\t\t\t\t\t<h6 style=\"margin-bottom: 0.5rem; font-family: Poppins, sans-serif; font-weight: 400; line-height: 1.2; color: #131313; font-size: 16px; font-style: normal;\"><span style=\"font-weight: bolder; margin-bottom: 0px;\">OFICINA CORPORATIVA:<\/span><\/h6><p style=\"margin-bottom: 15px; font-size: 16px; font-weight: 400; line-height: 26px; color: #242424; font-family: Quicksand, sans-serif; font-style: normal;\">C. La Ley 2729, Circunvalaci\u00f3n Vallarta, 44680 Guadalajara, Jal.<\/p><h6 style=\"margin-bottom: 0.5rem; font-family: Poppins, sans-serif; font-weight: 400; line-height: 1.2; color: #131313; font-size: 16px; font-style: normal;\"><span style=\"font-weight: bolder; margin-bottom: 0px;\">HORARIO DE ATENCI\u00d3N:<\/span><\/h6><p style=\"margin-bottom: 15px; font-size: 16px; font-weight: 400; line-height: 26px; color: #242424; font-family: Quicksand, sans-serif; font-style: normal;\">Lunes a Viernes: 9:00 am a 6:00 pm<\/p><p style=\"margin-bottom: 15px; font-size: 16px; font-weight: 400; line-height: 26px; color: #242424; font-family: Quicksand, sans-serif; font-style: normal;\">S\u00e1bado: 9:00 am a 2:00 pm<\/p><h6 style=\"margin-bottom: 0.5rem; font-family: Poppins, sans-serif; font-weight: 400; line-height: 1.2; color: #131313; font-size: 16px; font-style: normal;\"><span style=\"font-weight: bolder; margin-bottom: 0px;\">Devoluciones y bodega:<\/span><\/h6><p style=\"margin-bottom: 15px; font-size: 16px; font-weight: 400; line-height: 26px; color: #242424; font-family: Quicksand, sans-serif; font-style: normal;\">C. La Ley 2729, Circunvalaci\u00f3n Vallarta, 44680 Guadalajara, Jal.<\/p>\t\t\t\t\t\t\t\t<\/div>\n\t\t\t\t<\/div>\n\t\t\t\t<\/div>\n\t\t<div class=\"elementor-element elementor-element-a415d98 e-con-full e-flex wpr-particle-no wpr-jarallax-no wpr-parallax-no wpr-sticky-section-no e-con e-child\" data-id=\"a415d98\" data-element_type=\"container\" data-e-type=\"container\" data-settings=\"{&quot;_ha_eqh_enable&quot;:false}\">\n\t\t\t\t<div class=\"elementor-element elementor-element-ead94f5 elementor-widget elementor-widget-heading\" data-id=\"ead94f5\" data-element_type=\"widget\" data-e-type=\"widget\" data-widget_type=\"heading.default\">\n\t\t\t\t<div class=\"elementor-widget-container\">\n\t\t\t\t\t<h2 class=\"elementor-heading-title elementor-size-default\">SERVICIO AL CLIENTE<\/h2>\t\t\t\t<\/div>\n\t\t\t\t<\/div>\n\t\t\t\t<div class=\"elementor-element elementor-element-eb32ff4 elementor-widget elementor-widget-text-editor\" data-id=\"eb32ff4\" data-element_type=\"widget\" data-e-type=\"widget\" data-widget_type=\"text-editor.default\">\n\t\t\t\t<div class=\"elementor-widget-container\">\n\t\t\t\t\t\t\t\t\t<h6 style=\"margin-bottom: 0.5rem; font-family: Poppins, sans-serif; font-weight: 400; line-height: 1.2; color: #131313; font-size: 16px; font-style: normal;\"><span style=\"font-weight: bolder; margin-bottom: 0px;\">Correo electr\u00f3nico:<\/span><\/h6><p style=\"margin-bottom: 15px; font-size: 16px; font-weight: 400; line-height: 26px; color: #242424; font-family: Quicksand, sans-serif; font-style: normal;\">info.mex@nuviglobal.com<\/p><h6 style=\"margin-bottom: 0.5rem; font-family: Poppins, sans-serif; font-weight: 400; line-height: 1.2; color: #131313; font-size: 16px; font-style: normal;\"><span style=\"font-weight: bolder; margin-bottom: 0px;\">Ventas y atenci\u00f3n telef\u00f3nica:<\/span><\/h6><p style=\"margin-bottom: 15px; font-size: 16px; font-weight: 400; line-height: 26px; color: #242424; font-family: Quicksand, sans-serif; font-style: normal;\">+52 33 1879 0933<\/p><h6 style=\"margin-bottom: 0.5rem; font-family: Poppins, sans-serif; font-weight: 400; line-height: 1.2; color: #131313; font-size: 16px; font-style: normal;\"><span style=\"font-weight: bolder; margin-bottom: 0px;\">WhatsApp:<\/span><\/h6><p style=\"margin-bottom: 15px; font-size: 16px; font-weight: 400; line-height: 26px; color: #242424; font-family: Quicksand, sans-serif; font-style: normal;\">+52 33 1006 2476<\/p><h6 style=\"margin-bottom: 0.5rem; font-family: Poppins, sans-serif; font-weight: 400; line-height: 1.2; color: #131313; font-size: 16px; font-style: normal;\"><span style=\"font-weight: bolder; margin-bottom: 0px;\">Horario de servicio a clientes:<\/span><\/h6><p style=\"margin-bottom: 15px; font-size: 16px; font-weight: 400; line-height: 26px; color: #242424; font-family: Quicksand, sans-serif; font-style: normal;\">Lunes a Viernes: 9:00 am a 6:00 pm<\/p><p style=\"margin-bottom: 15px; font-size: 16px; font-weight: 400; line-height: 26px; color: #242424; font-family: Quicksand, sans-serif; font-style: normal;\">S\u00e1bado: 9:00 am a 2:00 pm<\/p>\t\t\t\t\t\t\t\t<\/div>\n\t\t\t\t<\/div>\n\t\t\t\t<\/div>\n\t\t<div class=\"elementor-element elementor-element-9889c53 e-con-full e-flex wpr-particle-no wpr-jarallax-no wpr-parallax-no wpr-sticky-section-no e-con e-child\" data-id=\"9889c53\" data-element_type=\"container\" data-e-type=\"container\" data-settings=\"{&quot;_ha_eqh_enable&quot;:false}\">\n\t\t\t\t<div class=\"elementor-element elementor-element-232720a elementor-widget elementor-widget-heading\" data-id=\"232720a\" data-element_type=\"widget\" data-e-type=\"widget\" data-widget_type=\"heading.default\">\n\t\t\t\t<div class=\"elementor-widget-container\">\n\t\t\t\t\t<h2 class=\"elementor-heading-title elementor-size-default\">SIGUE NUESTRAS REDES<\/h2>\t\t\t\t<\/div>\n\t\t\t\t<\/div>\n\t\t\t\t<div class=\"elementor-element elementor-element-dd0b7de elementor-icon-list--layout-traditional elementor-list-item-link-full_width elementor-widget elementor-widget-icon-list\" data-id=\"dd0b7de\" data-element_type=\"widget\" data-e-type=\"widget\" data-widget_type=\"icon-list.default\">\n\t\t\t\t<div class=\"elementor-widget-container\">\n\t\t\t\t\t\t\t<ul class=\"elementor-icon-list-items\">\n\t\t\t\t\t\t\t<li class=\"elementor-icon-list-item\">\n\t\t\t\t\t\t\t\t\t\t\t<a href=\"https:\/\/www.facebook.com\/NuviGlobalMexico\/\" target=\"_blank\" rel=\"noopener\">\n\n\t\t\t\t\t\t\t\t\t\t\t\t<span class=\"elementor-icon-list-icon\">\n\t\t\t\t\t\t\t<svg aria-hidden=\"true\" class=\"e-font-icon-svg e-fab-facebook-square\" viewbox=\"0 0 448 512\" xmlns=\"http:\/\/www.w3.org\/2000\/svg\"><path d=\"M400 32H48A48 48 0 0 0 0 80v352a48 48 0 0 0 48 48h137.25V327.69h-63V256h63v-54.64c0-62.15 37-96.48 93.67-96.48 27.14 0 55.52 4.84 55.52 4.84v61h-31.27c-30.81 0-40.42 19.12-40.42 38.73V256h68.78l-11 71.69h-57.78V480H400a48 48 0 0 0 48-48V80a48 48 0 0 0-48-48z\"><\/path><\/svg>\t\t\t\t\t\t<\/span>\n\t\t\t\t\t\t\t\t\t\t<span class=\"elementor-icon-list-text\">@NuviGlobalMexico<\/span>\n\t\t\t\t\t\t\t\t\t\t\t<\/a>\n\t\t\t\t\t\t\t\t\t<\/li>\n\t\t\t\t\t\t\t\t<li class=\"elementor-icon-list-item\">\n\t\t\t\t\t\t\t\t\t\t\t<a href=\"https:\/\/www.instagram.com\/nuviglobalmexico\" target=\"_blank\" rel=\"noopener\">\n\n\t\t\t\t\t\t\t\t\t\t\t\t<span class=\"elementor-icon-list-icon\">\n\t\t\t\t\t\t\t<svg aria-hidden=\"true\" class=\"e-font-icon-svg e-fab-instagram\" viewbox=\"0 0 448 512\" xmlns=\"http:\/\/www.w3.org\/2000\/svg\"><path d=\"M224.1 141c-63.6 0-114.9 51.3-114.9 114.9s51.3 114.9 114.9 114.9S339 319.5 339 255.9 287.7 141 224.1 141zm0 189.6c-41.1 0-74.7-33.5-74.7-74.7s33.5-74.7 74.7-74.7 74.7 33.5 74.7 74.7-33.6 74.7-74.7 74.7zm146.4-194.3c0 14.9-12 26.8-26.8 26.8-14.9 0-26.8-12-26.8-26.8s12-26.8 26.8-26.8 26.8 12 26.8 26.8zm76.1 27.2c-1.7-35.9-9.9-67.7-36.2-93.9-26.2-26.2-58-34.4-93.9-36.2-37-2.1-147.9-2.1-184.9 0-35.8 1.7-67.6 9.9-93.9 36.1s-34.4 58-36.2 93.9c-2.1 37-2.1 147.9 0 184.9 1.7 35.9 9.9 67.7 36.2 93.9s58 34.4 93.9 36.2c37 2.1 147.9 2.1 184.9 0 35.9-1.7 67.7-9.9 93.9-36.2 26.2-26.2 34.4-58 36.2-93.9 2.1-37 2.1-147.8 0-184.8zM398.8 388c-7.8 19.6-22.9 34.7-42.6 42.6-29.5 11.7-99.5 9-132.1 9s-102.7 2.6-132.1-9c-19.6-7.8-34.7-22.9-42.6-42.6-11.7-29.5-9-99.5-9-132.1s-2.6-102.7 9-132.1c7.8-19.6 22.9-34.7 42.6-42.6 29.5-11.7 99.5-9 132.1-9s102.7-2.6 132.1 9c19.6 7.8 34.7 22.9 42.6 42.6 11.7 29.5 9 99.5 9 132.1s2.7 102.7-9 132.1z\"><\/path><\/svg>\t\t\t\t\t\t<\/span>\n\t\t\t\t\t\t\t\t\t\t<span class=\"elementor-icon-list-text\">@nuviglobalmexico<\/span>\n\t\t\t\t\t\t\t\t\t\t\t<\/a>\n\t\t\t\t\t\t\t\t\t<\/li>\n\t\t\t\t\t\t\t\t<li class=\"elementor-icon-list-item\">\n\t\t\t\t\t\t\t\t\t\t\t<a href=\"https:\/\/www.tiktok.com\/@nuvi.global.mexico\" target=\"_blank\" rel=\"noopener\">\n\n\t\t\t\t\t\t\t\t\t\t\t\t<span class=\"elementor-icon-list-icon\">\n\t\t\t\t\t\t\t<svg aria-hidden=\"true\" class=\"e-font-icon-svg e-fab-tiktok\" viewbox=\"0 0 448 512\" xmlns=\"http:\/\/www.w3.org\/2000\/svg\"><path d=\"M448,209.91a210.06,210.06,0,0,1-122.77-39.25V349.38A162.55,162.55,0,1,1,185,188.31V278.2a74.62,74.62,0,1,0,52.23,71.18V0l88,0a121.18,121.18,0,0,0,1.86,22.17h0A122.18,122.18,0,0,0,381,102.39a121.43,121.43,0,0,0,67,20.14Z\"><\/path><\/svg>\t\t\t\t\t\t<\/span>\n\t\t\t\t\t\t\t\t\t\t<span class=\"elementor-icon-list-text\">@nuvi.global.mexico<\/span>\n\t\t\t\t\t\t\t\t\t\t\t<\/a>\n\t\t\t\t\t\t\t\t\t<\/li>\n\t\t\t\t\t\t<\/ul>\n\t\t\t\t\t\t<\/div>\n\t\t\t\t<\/div>\n\t\t\t\t<div class=\"elementor-element elementor-element-78bad98 elementor-widget elementor-widget-text-editor\" data-id=\"78bad98\" data-element_type=\"widget\" data-e-type=\"widget\" data-widget_type=\"text-editor.default\">\n\t\t\t\t<div class=\"elementor-widget-container\">\n\t\t\t\t\t\t\t\t\t<h6 style=\"margin-bottom: 0.5rem; font-family: Poppins, sans-serif; font-weight: 400; line-height: 1.2; color: #131313; font-size: 16px; font-style: normal;\"><span style=\"font-weight: bolder; margin-bottom: 0px;\">Chat en redes sociales:<\/span><\/h6><p style=\"margin-bottom: 15px; font-size: 16px; font-weight: 400; line-height: 26px; color: #242424; font-family: Quicksand, sans-serif; font-style: normal;\">Lunes a Viernes: 9:00 am a 6:00 pm<\/p><p style=\"margin-bottom: 15px; font-size: 16px; font-weight: 400; line-height: 26px; color: #242424; font-family: Quicksand, sans-serif; font-style: normal;\">S\u00e1bado: 9:00 am a 2:00 pm<\/p><h6 style=\"margin-bottom: 0.5rem; font-family: Poppins, sans-serif; font-weight: 400; line-height: 1.2; color: #131313; font-size: 16px; font-style: normal;\"><span style=\"font-weight: bolder; margin-bottom: 0px;\">Atenci\u00f3n de productos:<\/span><\/h6><p style=\"margin-bottom: 15px; font-size: 16px; font-weight: 400; line-height: 26px; color: #242424; font-family: Quicksand, sans-serif; font-style: normal;\">Lunes a Viernes: 9:00 am a 6:00 pm<\/p><p style=\"margin-bottom: 15px; font-size: 16px; font-weight: 400; line-height: 26px; color: #242424; font-family: Quicksand, sans-serif; font-style: normal;\">S\u00e1bado: 9:00 am a 2:00 pm<\/p>\t\t\t\t\t\t\t\t<\/div>\n\t\t\t\t<\/div>\n\t\t\t\t<\/div>\n\t\t\t\t\t<\/div>\n\t\t\t\t<\/div>\n\t\t<div class=\"elementor-element elementor-element-5bc9396 e-flex e-con-boxed wpr-particle-no wpr-jarallax-no wpr-parallax-no wpr-sticky-section-no e-con e-parent\" data-id=\"5bc9396\" data-element_type=\"container\" data-e-type=\"container\" data-settings=\"{&quot;_ha_eqh_enable&quot;:false}\">\n\t\t\t\t\t<div class=\"e-con-inner\">\n\t\t\t\t<div class=\"elementor-element elementor-element-19518d3 elementor-widget elementor-widget-google_maps\" data-id=\"19518d3\" data-element_type=\"widget\" data-e-type=\"widget\" data-widget_type=\"google_maps.default\">\n\t\t\t\t<div class=\"elementor-widget-container\">\n\t\t\t\t\t\t\t<div class=\"elementor-custom-embed\">\n\t\t\t<iframe loading=\"lazy\"\n\t\t\t\t\tsrc=\"https:\/\/maps.google.com\/maps?q=C.%20La%20Ley%202729%2C%20Circunvalaci%C3%B3n%20Vallarta%2C%2044680%20Guadalajara%2C%20Jal.&#038;t=m&#038;z=15&#038;output=embed&#038;iwloc=near\"\n\t\t\t\t\ttitle=\"C. La Ley 2729, Circunvalaci\u00f3n Vallarta, 44680 Guadalajara, Jal.\"\n\t\t\t\t\taria-label=\"C. La Ley 2729, Circunvalaci\u00f3n Vallarta, 44680 Guadalajara, Jal.\"\n\t\t\t><\/iframe>\n\t\t<\/div>\n\t\t\t\t\t\t<\/div>\n\t\t\t\t<\/div>\n\t\t\t\t\t<\/div>\n\t\t\t\t<\/div>\n\t\t\t\t<\/div>","protected":false},"excerpt":{"rendered":"<p>Contact Us NUVI GLOBAL OFFICES Corporate Office Location: 1101 S. MILLIKEN AV SUITE G ONTARIO, CALIFORNIA\u00a091761 Hours of Operation: M-F 9:00am-6:00pm (PST) Returns\/Warehouse Address: 1101 S. MILLIKEN AV SUITE G ONTARIO, CALIFORNIA\u00a091761 SUPPORT CENTERS Email: info@nuviglobal.com Sales\/Tech Support Number: 1-844-740-6938 Text Us: 909-682-5386 Customer Service Hours: M-F 9:00am-6:00pm (PST) CHAT WITH US Nuvi Live Chat&nbsp;Online Hours: M-F 9:00am-6:00pm (PST) Ask Nuvi AI Assistant Product Support: M-F 9:00am-6:00pm (PST) Facebook Messenger: For English:@NuviGlobalUSA For Spanish:@NuviUSAESP OFICINAS DE NUVI GLOBAL OFICINA CORPORATIVA: C. La Ley 2729, Circunvalaci\u00f3n Vallarta, 44680 Guadalajara, Jal. HORARIO DE ATENCI\u00d3N: Lunes a Viernes: 9:00 am a 6:00 pm S\u00e1bado: 9:00 am a 2:00 pm Devoluciones y bodega: C. La Ley 2729, Circunvalaci\u00f3n Vallarta, 44680 Guadalajara, Jal. SERVICIO AL CLIENTE Email: info.mex@nuviglobal.com Ventas y atenci\u00f3n telef\u00f3nica: +52 33 1879 0933 WhatsApp: +52 33 1006 2476 Horario de servicio a clientes: Lunes a Viernes: 9:00 am a 6:00 pm S\u00e1bado: 9:00 am a 2:00 pm SIGUE NUESTRAS REDES @NuviGlobalMexico @nuviglobalmexico @nuvi.global.mexico Chat en redes sociales: Lunes a Viernes: 9:00 am a 6:00 pm S\u00e1bado: 9:00 am a 2:00 pm Atenci\u00f3n de productos: Lunes a Viernes: 9:00 am a 6:00 pm S\u00e1bado: 9:00 am a 2:00 pm<\/p>","protected":false},"author":2,"featured_media":0,"parent":0,"menu_order":0,"comment_status":"closed","ping_status":"closed","template":"","meta":{"inline_featured_image":false,"site-sidebar-layout":"no-sidebar","site-content-layout":"","ast-site-content-layout":"full-width-container","site-content-style":"default","site-sidebar-style":"default","ast-global-header-display":"","ast-banner-title-visibility":"","ast-main-header-display":"","ast-hfb-above-header-display":"","ast-hfb-below-header-display":"","ast-hfb-mobile-header-display":"","site-post-title":"disabled","ast-breadcrumbs-content":"","ast-featured-img":"disabled","footer-sml-layout":"","ast-disable-related-posts":"","theme-transparent-header-meta":"","adv-header-id-meta":"","stick-header-meta":"","header-above-stick-meta":"","header-main-stick-meta":"","header-below-stick-meta":"","astra-migrate-meta-layouts":"default","ast-page-background-enabled":"default","ast-page-background-meta":{"desktop":{"background-color":"var(--ast-global-color-4)","background-image":"","background-repeat":"repeat","background-position":"center center","background-size":"auto","background-attachment":"scroll","background-type":"","background-media":"","overlay-type":"","overlay-color":"","overlay-opacity":"","overlay-gradient":""},"tablet":{"background-color":"","background-image":"","background-repeat":"repeat","background-position":"center center","background-size":"auto","background-attachment":"scroll","background-type":"","background-media":"","overlay-type":"","overlay-color":"","overlay-opacity":"","overlay-gradient":""},"mobile":{"background-color":"","background-image":"","background-repeat":"repeat","background-position":"center center","background-size":"auto","background-attachment":"scroll","background-type":"","background-media":"","overlay-type":"","overlay-color":"","overlay-opacity":"","overlay-gradient":""}},"ast-content-background-meta":{"desktop":{"background-color":"var(--ast-global-color-5)","background-image":"","background-repeat":"repeat","background-position":"center center","background-size":"auto","background-attachment":"scroll","background-type":"","background-media":"","overlay-type":"","overlay-color":"","overlay-opacity":"","overlay-gradient":""},"tablet":{"background-color":"var(--ast-global-color-5)","background-image":"","background-repeat":"repeat","background-position":"center center","background-size":"auto","background-attachment":"scroll","background-type":"","background-media":"","overlay-type":"","overlay-color":"","overlay-opacity":"","overlay-gradient":""},"mobile":{"background-color":"var(--ast-global-color-5)","background-image":"","background-repeat":"repeat","background-position":"center center","background-size":"auto","background-attachment":"scroll","background-type":"","background-media":"","overlay-type":"","overlay-color":"","overlay-opacity":"","overlay-gradient":""}},"footnotes":""},"class_list":["post-816","page","type-page","status-publish","hentry"],"_links":{"self":[{"href":"\/mex\/wp-json\/wp\/v2\/pages\/816","targetHints":{"allow":["GET"]}}],"collection":[{"href":"\/mex\/wp-json\/wp\/v2\/pages"}],"about":[{"href":"\/mex\/wp-json\/wp\/v2\/types\/page"}],"author":[{"embeddable":true,"href":"\/mex\/wp-json\/wp\/v2\/users\/2"}],"replies":[{"embeddable":true,"href":"\/mex\/wp-json\/wp\/v2\/comments?post=816"}],"version-history":[{"count":34,"href":"\/mex\/wp-json\/wp\/v2\/pages\/816\/revisions"}],"predecessor-version":[{"id":25014,"href":"\/mex\/wp-json\/wp\/v2\/pages\/816\/revisions\/25014"}],"wp:attachment":[{"href":"\/mex\/wp-json\/wp\/v2\/media?parent=816"}],"curies":[{"name":"wp","href":"https:\/\/api.w.org\/{rel}","templated":true}]}}